12
What is -21 (base 5) in base 9?
-12
What is 1 (base 12) in base 5?
1
-12 (base 15) to base 9
-18
Convert -2 (base 16) to base 3.
-2
What is 6 (base 14) in base 13?
6
What is 3 (base 13) in base 4?
3
-5d (base 16) to base 3
-10110
342 (base 6) to base 3
11222
Convert -14 (base 13) to base 3.
-122
What is -6 (base 14) in base 16?
-6
Convert 2102 (base 3) to base 12.
55
4 (base 8) to base 4
10
Convert -22 (base 8) to base 15.
-13
-1 (base 8) to base 7
-1
What is -131 (base 16) in base 2?
-100110001
What is 2d (base 15) in base 7?
61
Convert -1 (base 12) to base 15.
-1
What is 3a (base 14) in base 12?
44
-3 (base 8) to base 4
-3
What is 2 (base 9) in base 16?
2
33 (base 12) to base 9
43
16 (base 7) to base 15
d
Convert -5a (base 15) to base 16.
-55
146 (base 8) to base 14
74
101 (base 4) to base 15
12
Convert 14a (base 16) to base 11.
280
What is 3 (base 14) in base 6?
3
-8 (base 11) to base 14
-8
Convert -1 (base 15) to base 7.
-1
-5 (base 14) to base 10
-5
110 (base 7) to base 11
51
c (base 14) to base 13
c
Convert 122 (base 13) to base 7.
401
Convert -222 (base 8) to base 14.
-a6
What is -11 (base 3) in base 7?
-4
Convert -37 (base 13) to base 4.
-232
What is 1 (base 12) in base 10?
1
What is -136 (base 7) in base 14?
-56
-1021 (base 4) to base 2
-1001001
Convert -6 (base 12) to base 16.
-6
7 (base 15) to base 16
7
What is -235 (base 6) in base 13?
-74
What is -5 (base 15) in base 3?
-12
What is -c (base 13) in base 6?
-20
-7 (base 14) to base 4
-13
What is -1440 (base 5) in base 10?
-245
What is -31 (base 4) in base 5?
-23
What is -347 (base 9) in base 6?
-1154
Convert 43 (base 8) to base 7.
50
What is -104 (base 12) in base 8?
-224
What is -192 (base 10) in base 6?
-520
Convert -12 (base 10) to base 3.
-110
-2 (base 13) to base 9
-2
What is 153 (base 6) in base 12?
59
16b (base 15) to base 11
277
4 (base 12) to base 4
10
What is 3 (base 15) in base 5?
3
What is -100 (base 2) in base 5?
-4
Convert 0 (base 8) to base 16.
0
Convert -18 (base 10) to base 3.
-200
1 (base 3) to base 5
1
Convert 2 (base 15) to base 9.
2
What is 11 (base 11) in base 9?
13
What is b (base 16) in base 4?
23
-10 (base 8) to base 9
-8
Convert 124 (base 5) to base 6.
103
100111 (base 2) to base 6
103
-63 (base 8) to base 5
-201
Convert -1 (base 6) to base 2.
-1
What is -4 (base 6) in base 5?
-4
What is 3 (base 7) in base 14?
3
-3 (base 4) to base 3
-10
6 (base 13) to base 10
6
What is 7 (base 8) in base 2?
111
What is 30 (base 9) in base 8?
33
-3 (base 7) to base 14
-3
What is 20 (base 16) in base 10?
32
What is 63 (base 9) in base 15?
3c
What is -37 (base 9) in base 2?
-100010
-2 (base 13) to base 14
-2
Convert 3 (base 16) to base 4.
3
Convert 47 (base 15) to base 4.
1003
Convert -11 (base 6) to base 7.
-10
Convert -3 (base 14) to base 4.
-3
What is -69 (base 11) in base 13?
-5a
Convert -4 (base 16) to base 5.
-4
Convert -1222 (base 3) to base 8.
-65
What is 3 (base 14) in base 11?
3
-18 (base 16) to base 13
-1b
8b (base 14) to base 12
a3
What is 3 (base 8) in base 9?
3
0 (base 6) to base 7
0
Convert 211 (base 5) to base 13.
44
What is 25 (base 9) in base 13?
1a
What is -2 (base 10) in base 3?
-2
What is -a5 (base 12) in base 16?
-7d
Convert 0 (base 4) to base 12.
0
Convert -101 (base 2) to base 11.
-5
Convert -24 (base 16) to base 9.
-40
What is 19 (base 13) in base 9?
24
Convert -4 (base 5) to base 2.
-100
What is 0 (base 2) in base 11?
0
What is 28 (base 12) in base 9?
35
What is -3 (base 16) in base 5?
-3
Convert -20 (base 5) to base 16.
-a
Convert -77 (base 14) to base 3.
-10220
Convert -6 (base 8) to base 13.
-6
-8 (base 13) to base 2
-1000
-141 (base 10) to base 16
-8d
1131 (base 4) to base 12
79
Convert -4 (base 6) to base 3.
-11
What is -3 (base 10) in base 11?
-3
What is -6 (base 10) in base 6?
-10
Convert 155 (base 6) to base 7.
131
Convert 2 (base 3) to base 8.
2
What is -75 (base 10) in base 11?
-69
What is 132 (base 9) in base 4?
1232
What is 5 (base 12) in base 16?
5
-34 (base 10) to base 3
-1021
-2 (base 3) to base 8
-2
-111 (base 3) to base 6
-21
What is -5 (base 7) in base 15?
-5
Convert 16 (base 12) to base 2.
10010
What is 8 (base 12) in base 8?
10
-12 (base 4) to base 16
-6
10 (base 3) to base 9
3
What is -4 (base 16) in base 10?
-4
What is -3 (base 14) in base 13?
-3
Convert 6 (base 16) to base 11.
6
What is -26 (base 7) in base 9?
-22
0 (base 13) to base 8
0
Convert 22 (base 13) to base 5.
103
What is 18 (base 16) in base 3?
220
Convert 3 (base 9) to base 4.
3
8 (base 14) to base 2
1000
Convert -4 (base 15) to base 13.
-4
-4 (base 16) to base 6
-4
Convert -3 (base 15) to base 9.
-3
-24 (base 6) to base 3
-121
Convert 111 (base 6) to base 15.
2d
What is e (base 15) in base 2?
1110
12b (base 12) to base 6
455
1000 (base 2) to base 3
22
21 (base 3) to base 7
10
Convert -21 (base 3) to base 5.
-12
What is -2 (base 6) in base 12?
-2
What is 112 (base 8) in base 12?
62
Convert 35 (base 6) to base 15.
18
Convert -11 (base 8) to base 14.
-9
What is -11022 (base 3) in base 8?
-164
What is -75 (base 9) in base 12?
-58
Convert -2 (base 5) to base 14.
-2
Convert -1 (base 10) to base 15.
-1
Convert -430 (base 6) to base 16.
-a2
20 (base 7) to base 15
e
What is 1010 (base 2) in base 10?
10
What is b8 (base 14) in base 7?
321
What is -252 (base 6) in base 7?
-206
100 (base 2) to base 16
4
-5 (base 10) to base 7
-5
10020 (base 3) to base 9
106
Convert 14 (base 13) to base 15.
12
-1001 (base 5) to base 4
-1332
What is 10 (base 14) in base 16?
e
Convert -4 (base 13) to base 14.
-4
Convert 4 (base 7) to base 4.
10
-10 (base 2) to base 6
-2
What is 1 (base 11) in base 4?
1
Convert 0 (base 12) to base 11.
0
What is 15 (base 13) in base 12?
16
7 (base 15) to base 8
7
Convert 100110 (base 2) to base 3.
1102
What is -9 (base 10) in base 3?
-100
Convert -6 (base 7) to base 2.
-110
Convert 10 (base 6) to base 12.
6
Convert -10323 (base 4) to base 10.
-315
Convert -12 (base 3) to base 9.
-5
Convert 5 (base 12) to base 10.
5
-21 (base 5) to base 12
-b
What is 1 (base 13) in base 4?
1
What is -31 (base 10) in base 12?
-27
Convert 41 (base 13) to base 10.
53
12201 (base 3) to base 6
414
2101 (base 3) to base 14
48
Convert -15 (base 9) to base 6.
-22
What is -3 (base 5) in base 14?
-3
What is -3 (base 4) in base 11?
-3
202 (base 7) to base 4
1210
What is 0 (base 16) in base 11?
0
-3 (base 15) to base 5
-3
What is -5 (base 8) in base 11?
-5
-d8 (base 14) to base 6
-514
What is -9 (base 15) in base 13?
-9
What is -18 (base 14) in base 10?
-22
Convert 9c (base 16) to base 6.
420
22 (base 16) to base 5
114
What is -331 (base 5) in base 12?
-77
Convert 1 (base 5) to base 8.
1
Convert -6 (base 7) to base 11.
-6
Convert 2 (base 3) to base 11.
2
Convert -77 (base 13) to base 12.
-82
What is 10001 (base 2) in base 16?
11
Convert 23 (base 14) to base 2.
11111
What is -3 (base 9) in base 14?
-3
Convert -60 (base 13) to base 9.
-86
What is 30 (base 5) in base 15?
10
What is 4 (base 6) in base 9?
4
-21 (base 4) to base 10
-9
What is -54 (base 14) in base 15?
-4e
-6 (base 13) to base 6
-10
Convert -11 (base 11) to base 15.
-c
Convert 228 (base 10) to base 7.
444
What is 84 (base 15) in base 14?
8c
Convert -2 (base 3) to base 7.
-2
Convert -80 (base 15) to base 12.
-a0
Convert 10 (base 3) to base 13.
3
6 (base 9) to base 13
6
-4 (base 7) to base 10
-4
Convert -4 (base 8) to base 11.
-4
-4 (base 16) to base 13
-4
What is 1 (base 14) in base 11?
1
What is -52 (base 7) in base 13?
-2b
What is 18 (base 9) in base 2?
10001
-2 (base 10) to base 9
-2
What is -e (base 16) in base 14?
-10
1202 (base 5) to base 8
261
What is -11 (base 3) in base 9?
-4
What is 0 (base 16) in base 8?
0
14 (base 15) to base 13
16
Convert 8 (base 16) to base 6.
12
What is -9 (base 16) in base 7?
-12
-3 (base 4) to base 5
-3
Convert 1 (base 5) to base 15.
1
Convert 57 (base 12) to base 10.
67
-1 (base 6) to base 15
-1
-2a (base 14) to base 11
-35
-3 (base 8) to base 9
-3
-5 (base 7) to base 15
-5
67 (base 11) to base 6
201
What is 0 (base 11) in base 14?
0
121 (base 5) to base 9
40
Convert 99 (base 15) to base 6.
400
Convert -1b (base 15) to base 16.
-1a
Convert -32 (base 13) to base 6.
-105
Convert 1 (base 9) to base 12.
1
Convert 164 (base 7) to base 6.
235
Convert -2 (base 4) to base 15.
-2
Convert a (base 16) to 